h(-9)?
181
Let o = 4 - 2. Let d = o - -1. Suppose -2*j - d*j = -10. List the prime factors of j.
2
Let x(p) = p**3 - 4*p**2 - 5*p + 2. Let d be x(6). Let c = -6 - -12. Suppose -c*m + d = -2*m. What are the prime factors of m?
11
Let u = -27 - -19. List the prime factors of (18 + u)*14/4.
5, 7
Suppose 0 = -4*i - 4*o + 20, 2*o + 1 = 11. What are the prime factors of 3 + (i - 39)/(-3)?
2
Suppose 0 = -u - f + 14 + 9, 0 = 2*u - 5*f - 11. List the prime factors of u.
2, 3
Let d be -3 + 1 + (-10)/(-2). Let q = d - 1. Suppose 0 = -m + 2*m + 3*h + 9, 4*h + 22 = q*m. What are the prime factors of m?
3
Suppose -4*u + 3*t + 14 = 6*t, 0 = -3*u + 3*t. Suppose -4 = -u*c + 4. What are the prime factors of c?
2
Let p be -7*(10/2 + -2). Suppose 4*q = i - 0*i - 50, -5*q - 85 = -2*i. Let a = i + p. What are the prime factors of a?
3
Let y = -1 + 4. Suppose 6*j - 54 = y*j. List the prime factors of j.
2, 3
Let a = -4 + 8. Suppose -16 = -a*m + 4*v + 16, 3*m + 3*v = 6. What are the prime factors of m?
5
Let s(v) = 5*v**3 + 3*v**2 - 3*v - 4. Let d be s(5). What are the prime factors of (-12)/(-21) + d/21?
3, 11
Suppose 5*o = y + 1368, -144 - 660 = -3*o - 5*y. List the prime factors of o.
3, 7, 13
Let x = -5 - -2. What are the prime factors of -1 + 13*(-2 - x)?
2, 3
Let s(u) = 3*u - 11. Let p = -21 - -29. What are the prime factors of s(p)?
13
Let g(f) = 10*f - 14. What are the prime factors of g(3)?
2
Suppose 4*l + 2 + 6 = 0, -4*x - 2*l = 24. Let f(o) = -o**2 - 8*o - 6. Let h be f(x). Let v = h + -5. List the prime factors of v.
2
List the prime factors of ((-2)/2)/((-1)/(-2))*-50.
2, 5
Suppose 2*p - 48 = -4. Suppose -y = -3*y + p. What are the prime factors of y?
11
Let i(o) = 21*o + 8. Let r be i(-6). List the prime factors of r/(-8) - 4/(-16).
3, 5
Let s = -105 - -158. List the prime factors of s.
53
Let p = 2 + -3. Let h(y) = 3*y**3 + 2*y**2 + y. Let d be h(p). What are the prime factors of 9 + -1 + 4 + d?
2, 5
Suppose 0 = 3*d - 17 - 28. List the prime factors of d.
3, 5
Suppose 3*m - 25 = -3*v - 7, 0 = 4*m - 12. Let a be (2/(-3))/(2/(-39)). Suppose 0 = 5*g - a + v. What are the prime factors of g?
2
Let o = 10 - -113. List the prime factors of o.
3, 41
Suppose 0 = -0*s - 3*s + 63. What are the prime factors of s?
3, 7
What are the prime factors of ((-1)/(-3))/((-5)/(-615))?
41
Let w(g) = g + 4. Let p be w(-9). Let l(a) = -6*a + 10. What are the prime factors of l(p)?
2, 5
Suppose 5*y = 2*o - 109, -2*o - 9*y + 118 = -5*y. What are the prime factors of o?
3, 19
Let h = -13 + 23. List the prime factors of h.
2, 5
Suppose -2*p = -4*p + 64. What are the prime factors of p?
2
Suppose 0 = o + 5, 2*o + 5 = 3*a - 107. What are the prime factors of a?
2, 17
What are the prime factors of 210/20 + (-2)/4?
2, 5
Let h = -373 - -653. What are the prime factors of h?
2, 5, 7
Let w(q) = -2*q - 6. What are the prime factors of w(-4)?
2
Let q(v) = -v**3 + 3 - 3 + 9*v**2 + 2*v. What are the prime factors of q(9)?
2, 3
Suppose 9*v - 15 = 6*v. Let f(q) = -q**3 + 5*q**2 + 5*q - 2. What are the prime factors of f(v)?
23
Suppose 5*j = -2*x + 3*j, 3*x + 2*j = 0. Suppose -4*o + 8*i - 3*i + 79 = x, -5*o + i + 83 = 0. List the prime factors of o.
2
Let d = -5 + 9. Suppose 0*n - 2*n + 2 = 0, d*j + n = 21. What are the prime factors of j?
5
Suppose 2*v - 21 = -2*s + 25, -109 = -5*s - 3*v. What are the prime factors of s?
2, 5
Let d be 3*2/(-6)*-4. Let q(y) = -y**3 + 9*y**2 + 6*y - 11. Let i be q(9). Suppose -d*x = 11 - i. What are the prime factors of x?
2
Let o(u) = u**2 + 2*u + 4. List the prime factors of o(-4).
2, 3
Let k(x) = 3*x**3 + x**2 - 2*x + 1. Let b be k(1). Let w be (-48)/56*(-14)/3. Suppose 0 = -b*a + 2 + w. List the prime factors of a.
2
Let c(i) be the first derivative of -i**4/4 - 7*i**3/3 - 5*i**2 - 7*i + 1. What are the prime factors of c(-6)?
17
Let j(b) = -61*b. What are the prime factors of j(-1)?
61
Let h(b) = -9*b**2 - 4. Let k(z) = 18*z**2 + 7. Let d(c) = 7*h(c) + 4*k(c). Let v be d(1). Suppose w - v - 2 = 0. What are the prime factors of w?
11
Let d(n) = 2*n**2 + 9*n + 9. Let f be d(-6). Let i(c) = c**3 + 4*c**2 + 4. Let v be i(-4). Suppose v*z = z + f. What are the prime factors of z?
3
Let v(r) = 8*r**2 + 6*r + 6. Let f(k) = 9*k**2 + 7*k + 7. Let u(w) = -6*f(w) + 7*v(w). Let z be u(1). Suppose t = -z + 12. What are the prime factors of t?
2, 5
Let k(i) = -i**3 + 7*i**2 + 19*i + 4. What are the prime factors of k(9)?
13
Let l = 9 - 6. Suppose 30 = 3*s - l*u, -2*s = -u - 4*u - 29. Suppose s*p - 3*p - 28 = 0. List the prime factors of p.
7
Suppose -3*b - 2 = -11. Suppose -11 = b*o - 4*o. List the prime factors of o.
11
Let m(y) = 3*y**2 + 5*y - 6. Let h be m(5). Suppose 0 = -r - 4*q + 11, -5*r + 3*q + 53 = -h. List the prime factors of r.
3
Let a be 4/18 - 128/(-72). List the prime factors of (3 - (a - 4)) + -2.
3
Let l be 1/(3 - 10/3). Let j(g) = g**2 + g - 1. Let f(k) = k**3 - 10*k**2 + 4*k + 5. Let t(h) = l*j(h) - f(h). List the prime factors of t(5).
13
Suppose -3*s - 130 = -2*k + 131, 0 = 5*k - 4*s - 656. List the prime factors of k.
2, 3, 11
What are the prime factors of (-8)/(-3)*(-99)/(-12)?
2, 11
Suppose 0*i = 2*i - 30. Let r be (-15)/(-9) + 1/3. List the prime factors of r/10 + 162/i.
11
What are the prime factors of 0 + 4/(-2) + 63?
61
What are the prime factors of 8/32 + (-182)/(-8)?
23
Let y be (-2)/5 - 72/(-30). Suppose -y = 2*d, d = -4*r + 4*d + 15. List the prime factors of r.
3
Let x = -10 + 4. Let p(u) = -u**3 - 7*u**2 - 6*u + 8. Let d be p(x). What are the prime factors of d - (-2*1 + 3)?
7
Let r(v) = -v + 5. Let g be ((-2)/3)/(4/(-30)). Suppose -4*f - c - 11 = 2*c, 2*f = g*c - 25. List the prime factors of r(f).
2, 5
Let y = -96 - -150. List the prime factors of y.
2, 3
Suppose -2*w = -6*w + 68. Suppose -3*g = -2*g - w. Let i = g - 8. List the prime factors of i.
3
Let a(v) = -v**2 + 6*v - 3. Suppose 0 = f + 4*f + 10. Let u be (-8)/(-3*f/(-3)). List the prime factors of a(u).
5
Let y(k) = -k**2 + 6*k - 3. Let w be y(5). Suppose 0*q = -w*q + 72. List the prime factors of q.
2, 3
Suppose 0 = 2*d - g - 503, 842 = 4*d - g - 167. List the prime factors of d.
11, 23
Let v(c) = -c**3 + 5*c**2 + 9*c - 11. List the prime factors of v(6).
7
Let v(z) = 13*z**2 + 2*z - 4. Let f be v(5). Let k = f - 191. List the prime factors of (6/(-4))/((-21)/k).
2, 5
Suppose k + 2 - 5 = 0. Suppose -4*m = -k*g - 18, g = 3*m + m - 6. What are the prime factors of 162/6*(-2)/g?
3
Let t(g) be the second derivative of g**5/20 + 3*g**4/4 + 5*g**3/6 - 3*g**2 + 4*g. Let b be t(-8). Suppose -b = -3*j - 0*j. What are the prime factors of j?
2, 3
Let m(z) = -z**2 - 5*z - 1. Let k(x) = 4*x. Let j be k(-1). Let u be m(j). Suppose -r - 19 = -u*r - d, 0 = -4*r + d + 29. What are the prime factors of r?
2
Suppose r + 2*r + 18 = 0. Let j(g) = -g**3 - 4*g**2 + 8*g + 6. Let h be j(r). Suppose -5*s + 15 = -h. What are the prime factors of s?
3
Let m = 6 - 2. Let i = 5 - m. Suppose -c + 2 = -i. What are the prime factors of c?
3
Let c = -11 + 15. Suppose c*g = -4, -d - 116 = -4*d + 5*g. What are the prime factors of d?
37
Let i(y) = 2*y - 3. Let p be i(5). Suppose 1 + p = 4*q. List the prime factors of q.
2
Let q = 10 + -5. Suppose -q*u + u = b + 17, -5*b + 11 = -4*u. Let h = 6 + b. List the prime factors of h.
5
Let a(l) = 5*l + 14. Let i(n) = -2*n - 7. Let z(b) = 3*a(b) + 7*i(b). Let u be z(-5). List the prime factors of (27/u)/((-3)/8).
2, 3
Suppose -22 = -4*w - t, 0 = w - 3*w - t + 10. Suppose -o = -w*o. Suppose -p - 2 = o, 30 = 4*y - 0*y + p. What are the prime factors of y?
2
Let i(f) = -f**2 + 9*f + 1. Let x = 3 + 6. Let b be i(x). List the prime factors of (-5)/(-2)*(3 - b).
5
Let r = -13 - -6. Let i = -2 - r. Suppose i*f - 25 = -4*z, 2*z = -5*f + 17 + 18. What are the prime factors of f?
3
Let d = 6 + 1. Let l = 31 - d. What are the prime factors of l?
2, 3
Let d = 38 - 26. Let t = 12 - 20. Let v = d + t. List the prime factors of v.
2
Let d = 98 - 72. What are the prime factors of d?
2, 13
Let m = -1 + 1. Suppose m = 3*k - 8 - 7. Let f = k - 3. List the prime factors of f.
2
Suppose -2*u = -3*k + 4*k - 129, 2*u - 2*k = 120. List the prime factors of u.
3, 7
Let f be (-124)/(-6) + 1/3. Let j = 8 - 9. Let i = j + f. What are the prime factors of i?
2, 5
Let n be 364/10 - 6/(-10). S